{"id":571,"date":"2018-05-03T10:02:21","date_gmt":"2018-05-03T13:02:21","guid":{"rendered":"http:\/\/uspt.edu.ar\/web\/?page_id=571"},"modified":"2021-11-04T12:22:20","modified_gmt":"2021-11-04T15:22:20","slug":"ceremonial-protocolo-y-organizacion-de-eventos","status":"publish","type":"page","link":"https:\/\/uspt.edu.ar\/web\/institucional\/institutos\/instituto-de-estudios-sociales-politica-y-cultura\/ceremonial-protocolo-y-organizacion-de-eventos\/","title":{"rendered":"Ceremonial, Protocolo y Organizaci\u00f3n de Eventos"},"content":{"rendered":"<p>[vc_row full_width=\u00bbstretch_row_content_no_spaces\u00bb css=\u00bb.vc_custom_1533058301267{margin-top: 0px !important;margin-bottom: 0px !important;padding-top: 0px !important;padding-bottom: 0px !important;}\u00bb][vc_column][vc_single_image image=\u00bb3211&#8243; img_size=\u00bbfull\u00bb alignment=\u00bbcenter\u00bb css=\u00bb.vc_custom_1603497023640{margin-top: 0px !important;margin-bottom: 0px !important;padding-top: 0px !important;padding-bottom: 0px !important;}\u00bb][\/vc_column][\/vc_row][vc_row full_width=\u00bbstretch_row\u00bb css=\u00bb.vc_custom_1525438432684{background-color: #eeeeee !important;}\u00bb][vc_column][vc_column_text]<strong>Instituci\u00f3n:<\/strong>\u00a0Universidad de San Pablo-Tucum\u00e1n<br \/>\n<strong>Ubicaci\u00f3n en la estructura:<\/strong>\u00a0Instituto de Estudios Sociales, Pol\u00edticos y Cultura<br \/>\n<strong>Modalidad:<\/strong> Presencial y a Distancia<br \/>\n<strong>Nivel:<\/strong>\u00a0Tecnicatura<br \/>\n<strong>T\u00edtulo de grado a otorgar:<\/strong>\u00a0T\u00e9cnico Superior en Protocolo, Ceremonial y Organizaci\u00f3n de eventos[\/vc_column_text][\/vc_column][\/vc_row][vc_row][vc_column][vc_column_text]<\/p>\n<h2>Condiciones de Ingreso<\/h2>\n<p>Para ingresar a la carrera el postulante deber\u00e1:<\/p>\n<ul>\n<li>Poseer t\u00edtulo de nivel medio o polimodal en cualquiera de sus modalidades otorgado por instituciones de gesti\u00f3n oficial y\/o privada reconocidas.<\/li>\n<li>Los destinatarios primarios, aunque no excluyentes, son los agentes del Poder Legislativo y del Poder Ejecutivo del Superior Gobierno de la Provincia de Tucum\u00e1n en sus diferentes niveles y jurisdicciones, que posean nivel de formaci\u00f3n secundaria. Podr\u00e1n inscribirse en la Tecnicatura todos los egresados de colegios secundarios del pa\u00eds o del exterior, debidamente acreditados.<\/li>\n<li>En el caso de experiencia laboral reconocida se podr\u00e1 ingresar en forma excepcional mediante un sistema de evaluaci\u00f3n y entrevista especial para mayores de 25 a\u00f1os que no poseen t\u00edtulo secundario.<\/li>\n<li>Los egresados de estudios superiores universitarios dispondr\u00e1n de un esquema de equivalencias a determinar para cada caso.<\/li>\n<\/ul>\n<h2>Condiciones de Egreso<\/h2>\n<p>Los alumnos para optar al t\u00edtulo de T\u00e9cnico Superior en Protocolo, Ceremonial y Organizaci\u00f3n de eventos deber\u00e1n cumplir con los siguientes requisitos:<\/p>\n<ul>\n<li>Aprobar la totalidad de las asignaturas y dem\u00e1s obligaciones acad\u00e9micas que conforman el plan de estudios de la carrera.<\/li>\n<li>Realizar la pasant\u00eda establecida en el plan de estudio, cumpliendo con los requisitos de asistencia y presentaci\u00f3n de informe que el cuerpo acad\u00e9mico establezca.<\/li>\n<li>Haber cumplido con las normas acad\u00e9micas, arancelarias, \u00e9ticas, disciplinarias y otras que regulen las actividades en esta universidad.<\/li>\n<\/ul>\n<p><strong>Destinatarios:<\/strong><\/p>\n<p>Los destinatarios primarios de la Tecnicatura podr\u00e1n ser los agentes del Poder Legislativo, Poder Ejecutivo, Municipios, Intendencias, Comunas y dem\u00e1s reparticiones de la Provincia de Tucum\u00e1n en sus diferentes niveles y jurisdicciones, que posean nivel de formaci\u00f3n secundaria. Tambi\u00e9n podr\u00e1n inscribirse en la Tecnicatura todos los egresados de colegios secundarios del pa\u00eds o del exterior, debidamente acreditados que cumplan con los requisitos de admisi\u00f3n.<\/p>\n<h2>Documentaci\u00f3n a presentar<\/h2>\n<p>Para la inscripci\u00f3n, la Universidad de San Pablo \u2013 Tucum\u00e1n exigir\u00e1 la siguiente documentaci\u00f3n:<\/p>\n<ul>\n<li>Fotocopia del DNI<\/li>\n<li>Fotocopia autenticada del T\u00edtulo Secundario<\/li>\n<\/ul>\n<h2>Duraci\u00f3n<\/h2>\n<p>La Tecnicatura tiene una duraci\u00f3n de 2 a\u00f1os, bajo la modalidad presencial con una carga horaria total de 1.680 horas reloj.<\/p>\n<h2>Condiciones de Aprobaci\u00f3n<\/h2>\n<p>Para la obtenci\u00f3n del t\u00edtulo de T\u00e9cnico Universitario en Protocolo, Ceremonial y Organizaci\u00f3n de Eventos, se deber\u00e1n haber cursado todas las materias te\u00f3ricas y los talleres fijados en el plan de estudios habiendo resultado aprobado en la evaluaci\u00f3n final de cada asignatura con un m\u00ednimo de asistencia del 75% y una nota m\u00ednima de 5 (cinco) en escala de 0 (cero) a 10 (diez), para todas las evaluaciones que se realicen en el conjunto de actividades programadas.<\/p>\n<h2>Certificaci\u00f3n<\/h2>\n<p>Se otorgar\u00e1 el certificado de \u201cT\u00e9cnico Superior Universitario en Protocolo, Ceremonial y Organizaci\u00f3n de Eventos\u201d.<\/p>\n<h2>Plan de Estudios<\/h2>\n<p>CH: Carga horaria (horas reloj)<br \/>\nR: R\u00e9gimen (C.1: 1er cuatrimestre, C.2: 2do cuatrimestre, A: anual)<br \/>\nH\/S: Horas semanales.<\/p>\n\n<table id=\"tablepress-28\" class=\"tablepress tablepress-id-28\">\n<thead>\n<tr class=\"row-1\">\n\t<th class=\"column-1\">1er A\u00f1o<\/th><td class=\"column-2\"><\/td><td class=\"column-3\"><\/td><td class=\"column-4\"><\/td><td class=\"column-5\"><\/td>\n<\/tr>\n<\/thead>\n<tbody class=\"row-striping row-hover\">\n<tr class=\"row-2\">\n\t<td class=\"column-1\">Materias<\/td><td class=\"column-2\">CH<\/td><td class=\"column-3\">R<\/td><td class=\"column-4\">H\/S<\/td><td class=\"column-5\">Correlativas<\/td>\n<\/tr>\n<tr class=\"row-3\">\n\t<td class=\"column-1\">Ceremonial I (Ceremonial de Estado)<\/td><td class=\"column-2\">80<\/td><td class=\"column-3\">C.1<\/td><td class=\"column-4\">4<\/td><td class=\"column-5\"><\/td>\n<\/tr>\n<tr class=\"row-4\">\n\t<td class=\"column-1\">Historia de la Cultura Universal<\/td><td class=\"column-2\">80<\/td><td class=\"column-3\">C.1<\/td><td class=\"column-4\">4<\/td><td class=\"column-5\"><\/td>\n<\/tr>\n<tr class=\"row-5\">\n\t<td class=\"column-1\">Estructura y funcionamiento de los \u00d3rganos del  Estado<\/td><td class=\"column-2\">64<\/td><td class=\"column-3\">C.1<\/td><td class=\"column-4\">4<\/td><td class=\"column-5\"><\/td>\n<\/tr>\n<tr class=\"row-6\">\n\t<td class=\"column-1\">Redacci\u00f3n Protocolar y Social<\/td><td class=\"column-2\">64<\/td><td class=\"column-3\">C.1<\/td><td class=\"column-4\">4<\/td><td class=\"column-5\"><\/td>\n<\/tr>\n<tr class=\"row-7\">\n\t<td class=\"column-1\">Ingl\u00e9s<\/td><td class=\"column-2\">64<\/td><td class=\"column-3\">C.1<\/td><td class=\"column-4\">4<\/td><td class=\"column-5\"><\/td>\n<\/tr>\n<tr class=\"row-8\">\n\t<td class=\"column-1\">Taller de Inform\u00e1tica<\/td><td class=\"column-2\">64<\/td><td class=\"column-3\">C.1<\/td><td class=\"column-4\">4<\/td><td class=\"column-5\"><\/td>\n<\/tr>\n<tr class=\"row-9\">\n\t<td class=\"column-1\">Ceremonial II (Ceremonial Social y Empresarial)<\/td><td class=\"column-2\">64<\/td><td class=\"column-3\">C.2<\/td><td class=\"column-4\">4<\/td><td class=\"column-5\">Ceremonial I (Ceremonial de Estado)<\/td>\n<\/tr>\n<tr class=\"row-10\">\n\t<td class=\"column-1\">Oratoria y Locuci\u00f3n<\/td><td class=\"column-2\">64<\/td><td class=\"column-3\">C.2<\/td><td class=\"column-4\">4<\/td><td class=\"column-5\"><\/td>\n<\/tr>\n<tr class=\"row-11\">\n\t<td class=\"column-1\">Teor\u00eda y medios de comunicaci\u00f3n<\/td><td class=\"column-2\">64<\/td><td class=\"column-3\">C.2<\/td><td class=\"column-4\">4<\/td><td class=\"column-5\"><\/td>\n<\/tr>\n<tr class=\"row-12\">\n\t<td class=\"column-1\">Imagen y Estilo Corporativo<\/td><td class=\"column-2\">64<\/td><td class=\"column-3\">C.2<\/td><td class=\"column-4\">4<\/td><td class=\"column-5\"><\/td>\n<\/tr>\n<tr class=\"row-13\">\n\t<td class=\"column-1\">Gesti\u00f3n de los recursos humanos<\/td><td class=\"column-2\">64<\/td><td class=\"column-3\">C.2<\/td><td class=\"column-4\">4<\/td><td class=\"column-5\"><\/td>\n<\/tr>\n<tr class=\"row-14\">\n\t<td class=\"column-1\">Pr\u00e1ctica profesional I (Seminario de Ceremonial)<\/td><td class=\"column-2\">96<\/td><td class=\"column-3\">C.2<\/td><td class=\"column-4\">4<\/td><td class=\"column-5\"><\/td>\n<\/tr>\n<tr class=\"row-15\">\n\t<td class=\"column-1\">Carga Horaria Total para el 1er A\u00f1o (horas reloj)<\/td><td class=\"column-2\"><\/td><td class=\"column-3\"><\/td><td class=\"column-4\"><\/td><td class=\"column-5\">832<\/td>\n<\/tr>\n<\/tbody>\n<\/table>\n<!-- #tablepress-28 from cache -->\n\n<table id=\"tablepress-29\" class=\"tablepress tablepress-id-29\">\n<thead>\n<tr class=\"row-1\">\n\t<th class=\"column-1\">2do A\u00f1o<\/th><td class=\"column-2\"><\/td><td class=\"column-3\"><\/td><td class=\"column-4\"><\/td><td class=\"column-5\"><\/td>\n<\/tr>\n<\/thead>\n<tbody class=\"row-striping row-hover\">\n<tr class=\"row-2\">\n\t<td class=\"column-1\">Materias<\/td><td class=\"column-2\">CH<\/td><td class=\"column-3\">R<\/td><td class=\"column-4\">H\/S<\/td><td class=\"column-5\">Correlativas<\/td>\n<\/tr>\n<tr class=\"row-3\">\n\t<td class=\"column-1\">Ceremonial III (Ceremonial Diplom\u00e1tico)<\/td><td class=\"column-2\">64<\/td><td class=\"column-3\">C.1<\/td><td class=\"column-4\">4<\/td><td class=\"column-5\">Ceremonial II (Ceremonial Social y Empresarial)<\/td>\n<\/tr>\n<tr class=\"row-4\">\n\t<td class=\"column-1\">Historia de la Cultura Hispanoamericana y Argentina<\/td><td class=\"column-2\">80<\/td><td class=\"column-3\">C.1<\/td><td class=\"column-4\">4<\/td><td class=\"column-5\">Historia de la Cultura Universal<\/td>\n<\/tr>\n<tr class=\"row-5\">\n\t<td class=\"column-1\">Relaciones P\u00fablicas<\/td><td class=\"column-2\">64<\/td><td class=\"column-3\">C.1<\/td><td class=\"column-4\">4<\/td><td class=\"column-5\"><\/td>\n<\/tr>\n<tr class=\"row-6\">\n\t<td class=\"column-1\">Planificaci\u00f3n y Organizaci\u00f3n de Eventos<\/td><td class=\"column-2\">64<\/td><td class=\"column-3\">C.1<\/td><td class=\"column-4\">4<\/td><td class=\"column-5\"><\/td>\n<\/tr>\n<tr class=\"row-7\">\n\t<td class=\"column-1\">Gastronom\u00eda y Enolog\u00eda<\/td><td class=\"column-2\">64<\/td><td class=\"column-3\">C.1<\/td><td class=\"column-4\">4<\/td><td class=\"column-5\"><\/td>\n<\/tr>\n<tr class=\"row-8\">\n\t<td class=\"column-1\">Taller de Seguridad<\/td><td class=\"column-2\">32<\/td><td class=\"column-3\">C.1<\/td><td class=\"column-4\">2<\/td><td class=\"column-5\"><\/td>\n<\/tr>\n<tr class=\"row-9\">\n\t<td class=\"column-1\">Ceremonial IV (Ceremonial Comparado)<\/td><td class=\"column-2\">64<\/td><td class=\"column-3\">C.2<\/td><td class=\"column-4\">4<\/td><td class=\"column-5\">Ceremonial III (Ceremonial Diplom\u00e1tico)<\/td>\n<\/tr>\n<tr class=\"row-10\">\n\t<td class=\"column-1\">Gesti\u00f3n de Servicios Tur\u00edsticos<\/td><td class=\"column-2\">64<\/td><td class=\"column-3\">C.2<\/td><td class=\"column-4\">4<\/td><td class=\"column-5\"><\/td>\n<\/tr>\n<tr class=\"row-11\">\n\t<td class=\"column-1\">Marketing<\/td><td class=\"column-2\">64<\/td><td class=\"column-3\">C.2<\/td><td class=\"column-4\">4<\/td><td class=\"column-5\"><\/td>\n<\/tr>\n<tr class=\"row-12\">\n\t<td class=\"column-1\">\u00c9tica Profesional<\/td><td class=\"column-2\">64<\/td><td class=\"column-3\">C.2<\/td><td class=\"column-4\">4<\/td><td class=\"column-5\"><\/td>\n<\/tr>\n<tr class=\"row-13\">\n\t<td class=\"column-1\">An\u00e1lisis de Costos y Formulaci\u00f3n de Presupuestos<\/td><td class=\"column-2\">64<\/td><td class=\"column-3\">C.2<\/td><td class=\"column-4\">4<\/td><td class=\"column-5\"><\/td>\n<\/tr>\n<tr class=\"row-14\">\n\t<td class=\"column-1\">Pr\u00e1ctica Profesional II<\/td><td class=\"column-2\">96<\/td><td class=\"column-3\">C.2<\/td><td class=\"column-4\">4<\/td><td class=\"column-5\">Pr\u00e1ctica profesional I (Seminario de Ceremonial)<\/td>\n<\/tr>\n<tr class=\"row-15\">\n\t<td class=\"column-1\">Estudio de los espacios arquitectonicos<\/td><td class=\"column-2\">64<\/td><td class=\"column-3\">C.2<\/td><td class=\"column-4\">4<\/td><td class=\"column-5\"><\/td>\n<\/tr>\n<tr class=\"row-16\">\n\t<td class=\"column-1\">Carga Horaria Total para el 2do A\u00f1o (horas reloj)<\/td><td class=\"column-2\"><\/td><td class=\"column-3\"><\/td><td class=\"column-4\"><\/td><td class=\"column-5\">848<\/td>\n<\/tr>\n<\/tbody>\n<\/table>\n<!-- #tablepress-29 from cache -->\n<p>Carga horaria total de la carrera de Tecnicatura: 1.680 hs. reloj.[\/vc_column_text][\/vc_column][\/vc_row][vc_row][vc_column][vc_btn title=\u00bbPre-Inscripci\u00f3n 2021&#8243; style=\u00bbcustom\u00bb custom_background=\u00bb#3f306a\u00bb custom_text=\u00bb#ffffff\u00bb shape=\u00bbsquare\u00bb size=\u00bblg\u00bb align=\u00bbcenter\u00bb button_block=\u00bbtrue\u00bb link=\u00bburl:https%3A%2F%2Fuspt.edu.ar%2F2021%2Fcourse-single.php%3Fcarrera%3DORG|||\u00bb][\/vc_column][\/vc_row][vc_row full_width=\u00bbstretch_row\u00bb css=\u00bb.vc_custom_1525438937145{background-color: #d8c9e2 !important;}\u00bb][vc_column][vc_column_text]<\/p>\n<p style=\"font-size: 20px;\"><i class=\"far fa-hand-point-right\" style=\"font-size: 22px; margin-right: 5px;\"><\/i>Inscripciones en 24 de Septiembre 476.<\/p>\n<p style=\"font-size: 20px;\"><i class=\"fas fa-phone\" style=\"font-size: 22px; margin-right: 5px;\"><\/i>Consultas al 4530630.<\/p>\n<p style=\"font-size: 20px;\"><i class=\"fab fa-whatsapp\" style=\"font-size: 22px; margin-right: 5px;\"><\/i>Whatsapp al 0381 6266870.<\/p>\n<p>[\/vc_column_text][\/vc_column][\/vc_row]<\/p>\n","protected":false},"excerpt":{"rendered":"<p>[vc_row full_width=\u00bbstretch_row_content_no_spaces\u00bb css=\u00bb.vc_custom_1533058301267{margin-top: 0px !important;margin-bottom: 0px !important;padding-top: 0px !important;padding-bottom: 0px !important;}\u00bb][vc_column][vc_single_image image=\u00bb3211&#8243; img_size=\u00bbfull\u00bb alignment=\u00bbcenter\u00bb css=\u00bb.vc_custom_1603497023640{margin-top: 0px !important;margin-bottom: 0px !important;padding-top: 0px !important;padding-bottom: 0px !important;}\u00bb][\/vc_column][\/vc_row][vc_row full_width=\u00bbstretch_row\u00bb css=\u00bb.vc_custom_1525438432684{background-color: #eeeeee !important;}\u00bb][vc_column][vc_column_text]Instituci\u00f3n:\u00a0Universidad de San Pablo-Tucum\u00e1n Ubicaci\u00f3n en la estructura:\u00a0Instituto de Estudios Sociales, Pol\u00edticos y Cultura Modalidad: Presencial y a Distancia Nivel:\u00a0Tecnicatura T\u00edtulo de grado a otorgar:\u00a0T\u00e9cnico Superior en Protocolo, Ceremonial &hellip; <\/p>\n<p class=\"link-more\"><a href=\"https:\/\/uspt.edu.ar\/web\/institucional\/institutos\/instituto-de-estudios-sociales-politica-y-cultura\/ceremonial-protocolo-y-organizacion-de-eventos\/\" class=\"more-link\">Continuar leyendo<span class=\"screen-reader-text\"> \u00abCeremonial, Protocolo y Organizaci\u00f3n de Eventos\u00bb<\/span><\/a><\/p>\n","protected":false},"author":2,"featured_media":0,"parent":478,"menu_order":0,"comment_status":"closed","ping_status":"closed","template":"","meta":{"_acf_changed":false,"footnotes":""},"class_list":["post-571","page","type-page","status-publish","hentry"],"acf":[],"jetpack_sharing_enabled":true,"jetpack_shortlink":"https:\/\/wp.me\/P9JBoE-9d","jetpack-related-posts":[],"_links":{"self":[{"href":"https:\/\/uspt.edu.ar\/web\/wp-json\/wp\/v2\/pages\/571","targetHints":{"allow":["GET"]}}],"collection":[{"href":"https:\/\/uspt.edu.ar\/web\/wp-json\/wp\/v2\/pages"}],"about":[{"href":"https:\/\/uspt.edu.ar\/web\/wp-json\/wp\/v2\/types\/page"}],"author":[{"embeddable":true,"href":"https:\/\/uspt.edu.ar\/web\/wp-json\/wp\/v2\/users\/2"}],"replies":[{"embeddable":true,"href":"https:\/\/uspt.edu.ar\/web\/wp-json\/wp\/v2\/comments?post=571"}],"version-history":[{"count":9,"href":"https:\/\/uspt.edu.ar\/web\/wp-json\/wp\/v2\/pages\/571\/revisions"}],"predecessor-version":[{"id":3934,"href":"https:\/\/uspt.edu.ar\/web\/wp-json\/wp\/v2\/pages\/571\/revisions\/3934"}],"up":[{"embeddable":true,"href":"https:\/\/uspt.edu.ar\/web\/wp-json\/wp\/v2\/pages\/478"}],"wp:attachment":[{"href":"https:\/\/uspt.edu.ar\/web\/wp-json\/wp\/v2\/media?parent=571"}],"curies":[{"name":"wp","href":"https:\/\/api.w.org\/{rel}","templated":true}]}}