{"id":479,"date":"2018-04-03T11:54:33","date_gmt":"2018-04-03T14:54:33","guid":{"rendered":"http:\/\/uspt.edu.ar\/web\/?page_id=479"},"modified":"2020-05-13T17:59:04","modified_gmt":"2020-05-13T20:59:04","slug":"instituto-de-salud-y-calidad-de-vida","status":"publish","type":"page","link":"https:\/\/uspt.edu.ar\/web\/institucional\/institutos\/instituto-de-salud-y-calidad-de-vida\/","title":{"rendered":"Instituto de Salud y Calidad de Vida"},"content":{"rendered":"\n<h1>Instituto de Salud y Calidad de Vida<\/h1>\n<p><strong>Director:<\/strong> Dr. Horacio Deza \u2013 hdeza@uspt.edu.ar<br \/>\n<strong>Sub-Directora: <\/strong>Dra. Marta Valverde \u2013 mvalverde@uspt.edu.ar<\/p>\n<p><strong>Secretario:<\/strong>\u00a0C\u00e9sar Nieva \u2013\u00a0cnieva@uspt.edu.ar<br \/>\n<strong>Ubicaci\u00f3n del Instituto:<\/strong>\u00a0Edificio Ram\u00f3n Carrillo,Campus Universidad de San Pablo \u2013 T<br \/>\n<strong>Horarios de Atenci\u00f3n:<\/strong>\u00a0Lunes a Viernes de 11 a 20hs<br \/>\n<strong>Telefono:<\/strong> 4530630 int. 300<\/p>\n<p><strong>Misi\u00f3n<\/strong><\/p>\n<p>Realizar tareas de docencia, investigaci\u00f3n y extensi\u00f3n al medio comunitario y dentro de su marco normativo desarrollar la carrera de Medicina, brindando a los alumnos de \u00e9sta instituci\u00f3n la mayor excelencia en contenidos y conocimientos para el desarrollo de sus actividades y futura profesi\u00f3n en el \u00e1rea de salud.<\/p>\n<p><strong>Objetivos<\/strong><\/p>\n<ul>\n<li>Formar profesionales que puedan atender las necesidades locales y provinciales.<\/li>\n<li>Contribuir con el proceso de mejoramiento de la salud y de la calidad de vida de sus habitantes.<\/li>\n<li>Disminuir \u00edndices de mortalidad, morbilidad.<\/li>\n<li>Facilitar el acceso a los servicios asistenciales y de cobertura de salud.<\/li>\n<li>Ofrecer una formaci\u00f3n permanente de alta calidad.<\/li>\n<\/ul>\n<h2>Carreras<\/h2>\n<ul>\n<li><a href=\"http:\/\/uspt.edu.ar\/web\/institucional\/institutos\/instituto-de-salud-y-calidad-de-vida\/medicina\/\">Medicina<\/a><\/li>\n<li><a href=\"http:\/\/uspt.edu.ar\/web\/institucional\/institutos\/instituto-de-salud-y-calidad-de-vida\/tecnico-en-administracion-en-salud\/\">T\u00e9cnico en Administraci\u00f3n en Salud<\/a><\/li>\n<\/ul>\n","protected":false},"excerpt":{"rendered":"<p>Instituto de Salud y Calidad de Vida Director: Dr. Horacio Deza \u2013 hdeza@uspt.edu.ar Sub-Directora: Dra. Marta Valverde \u2013 mvalverde@uspt.edu.ar Secretario:\u00a0C\u00e9sar Nieva \u2013\u00a0cnieva@uspt.edu.ar Ubicaci\u00f3n del Instituto:\u00a0Edificio Ram\u00f3n Carrillo,Campus Universidad de San Pablo \u2013 T Horarios de Atenci\u00f3n:\u00a0Lunes a Viernes de 11 a 20hs Telefono: 4530630 int. 300 Misi\u00f3n Realizar tareas de docencia, investigaci\u00f3n y extensi\u00f3n al &hellip; <\/p>\n<p class=\"link-more\"><a href=\"https:\/\/uspt.edu.ar\/web\/institucional\/institutos\/instituto-de-salud-y-calidad-de-vida\/\" class=\"more-link\">Continuar leyendo<span class=\"screen-reader-text\"> \u00abInstituto de Salud y Calidad de Vida\u00bb<\/span><\/a><\/p>\n","protected":false},"author":2,"featured_media":0,"parent":148,"menu_order":0,"comment_status":"closed","ping_status":"closed","template":"","meta":{"_acf_changed":false,"footnotes":""},"class_list":["post-479","page","type-page","status-publish","hentry"],"acf":[],"jetpack_sharing_enabled":true,"jetpack_shortlink":"https:\/\/wp.me\/P9JBoE-7J","jetpack-related-posts":[],"_links":{"self":[{"href":"https:\/\/uspt.edu.ar\/web\/wp-json\/wp\/v2\/pages\/479","targetHints":{"allow":["GET"]}}],"collection":[{"href":"https:\/\/uspt.edu.ar\/web\/wp-json\/wp\/v2\/pages"}],"about":[{"href":"https:\/\/uspt.edu.ar\/web\/wp-json\/wp\/v2\/types\/page"}],"author":[{"embeddable":true,"href":"https:\/\/uspt.edu.ar\/web\/wp-json\/wp\/v2\/users\/2"}],"replies":[{"embeddable":true,"href":"https:\/\/uspt.edu.ar\/web\/wp-json\/wp\/v2\/comments?post=479"}],"version-history":[{"count":2,"href":"https:\/\/uspt.edu.ar\/web\/wp-json\/wp\/v2\/pages\/479\/revisions"}],"predecessor-version":[{"id":2684,"href":"https:\/\/uspt.edu.ar\/web\/wp-json\/wp\/v2\/pages\/479\/revisions\/2684"}],"up":[{"embeddable":true,"href":"https:\/\/uspt.edu.ar\/web\/wp-json\/wp\/v2\/pages\/148"}],"wp:attachment":[{"href":"https:\/\/uspt.edu.ar\/web\/wp-json\/wp\/v2\/media?parent=479"}],"curies":[{"name":"wp","href":"https:\/\/api.w.org\/{rel}","templated":true}]}}

<h1>Instituto de Salud y Calidad de Vida</h1>
<p><strong>Director:</strong> Dr. Horacio Deza – hdeza@uspt.edu.ar<br />
<strong>Sub-Directora: </strong>Dra. Marta Valverde – mvalverde@uspt.edu.ar</p>
<p><strong>Secretario:</strong> César Nieva – cnieva@uspt.edu.ar<br />
<strong>Ubicación del Instituto:</strong> Edificio Ramón Carrillo,Campus Universidad de San Pablo – T<br />
<strong>Horarios de Atención:</strong> Lunes a Viernes de 11 a 20hs<br />
<strong>Telefono:</strong> 4530630 int. 300</p>
<p><strong>Misión</strong></p>
<p>Realizar tareas de docencia, investigación y extensión al medio comunitario y dentro de su marco normativo desarrollar la carrera de Medicina, brindando a los alumnos de ésta institución la mayor excelencia en contenidos y conocimientos para el desarrollo de sus actividades y futura profesión en el área de salud.</p>
<p><strong>Objetivos</strong></p>
<ul>
<li>Formar profesionales que puedan atender las necesidades locales y provinciales.</li>
<li>Contribuir con el proceso de mejoramiento de la salud y de la calidad de vida de sus habitantes.</li>
<li>Disminuir índices de mortalidad, morbilidad.</li>
<li>Facilitar el acceso a los servicios asistenciales y de cobertura de salud.</li>
<li>Ofrecer una formación permanente de alta calidad.</li>
</ul>
<h2>Carreras</h2>
<ul>
<li><a href="http://uspt.edu.ar/web/institucional/institutos/instituto-de-salud-y-calidad-de-vida/medicina/">Medicina</a></li>
<li><a href="http://uspt.edu.ar/web/institucional/institutos/instituto-de-salud-y-calidad-de-vida/tecnico-en-administracion-en-salud/">Técnico en Administración en Salud</a></li>
</ul>

<p>Instituto de Salud y Calidad de Vida Director: Dr. Horacio Deza – hdeza@uspt.edu.ar Sub-Directora: Dra. Marta Valverde – mvalverde@uspt.edu.ar Secretario: César Nieva – cnieva@uspt.edu.ar Ubicación del Instituto: Edificio Ramón Carrillo,Campus Universidad de San Pablo – T Horarios de Atención: Lunes a Viernes de 11 a 20hs Telefono: 4530630 int. 300 Misión Realizar tareas de docencia, investigación y extensión al &hellip; </p>
<p class="link-more"><a href="https://uspt.edu.ar/web/institucional/institutos/instituto-de-salud-y-calidad-de-vida/" class="more-link">Continuar leyendo<span class="screen-reader-text"> «Instituto de Salud y Calidad de Vida»</span></a></p>
