{"id":3289,"date":"2020-11-19T11:16:51","date_gmt":"2020-11-19T14:16:51","guid":{"rendered":"https:\/\/uspt.edu.ar\/web\/?page_id=3289"},"modified":"2020-12-02T16:16:26","modified_gmt":"2020-12-02T19:16:26","slug":"licenciatura-en-energias-renovables","status":"publish","type":"page","link":"https:\/\/uspt.edu.ar\/web\/institucional\/institutos\/instituto-de-desarrollo-e-innovacion-tecnologica-para-la-competitividad-territorial\/licenciatura-en-energias-renovables\/","title":{"rendered":"Licenciatura en Energ\u00edas Renovables"},"content":{"rendered":"<p>[vc_row full_width=\u00bbstretch_row_content_no_spaces\u00bb equal_height=\u00bbyes\u00bb css=\u00bb.vc_custom_1593100977859{margin-top: 0px !important;margin-bottom: 0px !important;padding-top: 0px !important;padding-bottom: 0px !important;}\u00bb][vc_column css=\u00bb.vc_custom_1593100628944{padding: 0px !important;background-position: center !important;background-repeat: no-repeat !important;background-size: cover !important;}\u00bb][vc_single_image image=\u00bb3291&#8243; img_size=\u00bbfull\u00bb css=\u00bb.vc_custom_1605795798190{margin-top: 0px !important;margin-bottom: 0px !important;padding-top: 0px !important;padding-bottom: 0px !important;}\u00bb][\/vc_column][\/vc_row][vc_row][vc_column][vc_column_text]<strong>Denominaci\u00f3n:<\/strong> Licenciatura en Energ\u00edas Renovables<br \/>\n<strong>Instituci\u00f3n:<\/strong>\u00a0Universidad de San Pablo -Tucum\u00e1n<br \/>\n<strong>Ubicaci\u00f3n en la estructura:<\/strong> Instituto de Desarrollo e Innovaci\u00f3n Tecnol\u00f3gica para la Competitividad Territorial.<br \/>\n<strong>Modalidad:<\/strong>\u00a0Presencial[\/vc_column_text][\/vc_column][\/vc_row][vc_row][vc_column][vc_column_text]<\/p>\n<h2>T\u00edtulo: Licenciatura en Energ\u00edas Renovables<\/h2>\n<p style=\"font-weight: 400;\">Duraci\u00f3n: 4 A\u00d1OS Y MEDIO<\/p>\n<h2 style=\"font-weight: 400;\">Sede Campus<\/h2>\n<h2 style=\"font-weight: 400;\">Perfil del egresado:<\/h2>\n<p style=\"font-weight: 400;\">S\u00f3lida formaci\u00f3n cient\u00edfica y tecnol\u00f3gica, con una visi\u00f3n sist\u00e9mica e integral del concepto de energ\u00eda en todas sus dimensiones<\/p>\n<p style=\"font-weight: 400;\">Aplicaci\u00f3n de conocimiento\u00a0en el uso y el aprovechamiento de la energ\u00eda<\/p>\n<p style=\"font-weight: 400;\">Identificaci\u00f3n de recursos energ\u00e9ticos para generar soluciones estrat\u00e9gicas e innovadoras en el campo de la generaci\u00f3n de energ\u00edas renovables y su uso eficiente.<\/p>\n<p style=\"font-weight: 400;\">Desarrollar sistemas de energ\u00edas renovables mediante el dise\u00f1o de soluciones innovadoras, administrando el capital humano, recursos materiales y energ\u00e9ticos para mejorar la competitividad de la empresa y contribuir al desarrollo sustentable de la regi\u00f3n.<\/p>\n<p style=\"font-weight: 400;\">Dise\u00f1ar sistemas energ\u00e9ticos mediante la integraci\u00f3n de tecnolog\u00edas\u00a0 innovadoras para responder a las necesidades del cliente.<\/p>\n<p style=\"font-weight: 400;\">Gestionar proyectos energ\u00e9ticos a partir de un plan de implementaci\u00f3n para asegurar su puesta en marcha y operaci\u00f3n.<\/p>\n<h2 style=\"font-weight: 400;\">Requisitos de ingreso y egreso a la carrera:<\/h2>\n<h2 style=\"font-weight: 400;\">Condiciones de Ingreso<\/h2>\n<p style=\"font-weight: 400;\">Aquellos que deseen ingresar a la carrera deber\u00e1n reunir los requisitos siguientes:<\/p>\n<p style=\"font-weight: 400;\">T\u00edtulo de nivel Medio o Polimodal en cualquiera de sus modalidades otorgado por instituciones de gesti\u00f3n oficial y\/o privada reconocidas.<\/p>\n<p style=\"font-weight: 400;\">Excepcionalmente, los mayores de 25 a\u00f1os que no re\u00fanan las condiciones previas, podr\u00e1n ingresar siempre que demuestren, mediante evaluaci\u00f3n a realizar por la Universidad, que tienen preparaci\u00f3n y\/o experiencia laboral acorde con los estudios que se proponen iniciar, as\u00ed como aptitudes y conocimientos suficientes para cursarlos satisfactoriamente.<\/p>\n<h2 style=\"font-weight: 400;\">Condiciones de Egreso:<\/h2>\n<ul>\n<li style=\"font-weight: 400;\">Completar el cursado y aprobaci\u00f3n de todas las materias del plan de estudios<\/li>\n<li style=\"font-weight: 400;\">Aprobar la Pr\u00e1ctica Profesional con informe escrito.<\/li>\n<\/ul>\n<h2 style=\"font-weight: 400;\">Plan de estudios<\/h2>\n<h2 style=\"font-weight: 400;\">Primer a\u00f1o:<\/h2>\n<table style=\"font-weight: 400;\" width=\"822\">\n<tbody>\n<tr>\n<td width=\"199\">F\u00edsica I : F\u00edsica General<\/td>\n<\/tr>\n<tr>\n<td width=\"199\">Matem\u00e1tica<\/td>\n<\/tr>\n<tr>\n<td width=\"199\">Qu\u00edmica general e inorg\u00e1nica<\/td>\n<\/tr>\n<tr>\n<td width=\"199\">Introducci\u00f3n a las Energ\u00edas Renovables*<\/td>\n<\/tr>\n<tr>\n<td width=\"199\">Principios de Administraci\u00f3n<\/td>\n<\/tr>\n<tr>\n<td width=\"199\">Estados Contables I<\/td>\n<\/tr>\n<tr>\n<td width=\"199\">Ingl\u00e9s (Matricial)<\/td>\n<\/tr>\n<tr>\n<td width=\"199\">Historia de los sistemas energ\u00e9ticos mundiales*<\/td>\n<\/tr>\n<tr>\n<td width=\"199\">F\u00edsica II: F\u00edsica de la generaci\u00f3n de energ\u00eda<\/td>\n<\/tr>\n<tr>\n<td width=\"199\">Qu\u00edmica Org\u00e1nica (de la producci\u00f3n de biomasa)<\/td>\n<\/tr>\n<\/tbody>\n<\/table>\n<h2 style=\"font-weight: 400;\">Segundo a\u00f1o<\/h2>\n<table style=\"font-weight: 400;\" width=\"822\">\n<tbody>\n<tr>\n<td width=\"199\">M\u00e1quinas de Producci\u00f3n de Energ\u00eda<\/td>\n<\/tr>\n<tr>\n<td width=\"199\">Climatolog\u00eda, cambio climatico y generaci\u00f3n de biomasa*<\/td>\n<\/tr>\n<tr>\n<td width=\"199\">Mercados Energ\u00e9ticos Argentinos *<\/td>\n<\/tr>\n<tr>\n<td width=\"199\">Gesti\u00f3n de Empresas Energ\u00e9ticas I*<\/td>\n<\/tr>\n<tr>\n<td width=\"199\">Ingles (Matricial)<\/td>\n<\/tr>\n<tr>\n<td width=\"199\">Taller de an\u00e1lisis contempor\u00e1neo (Matricial)<\/td>\n<\/tr>\n<tr>\n<td width=\"199\">\n<p>Estados Contables II<\/p>\n<p><strong>\u00a0<\/strong><\/td>\n<\/tr>\n<tr>\n<td width=\"199\">Estad\u00edstica Aplicada<\/td>\n<\/tr>\n<tr>\n<td width=\"199\">Filosof\u00eda (M\u00e1tricial)<\/td>\n<\/tr>\n<tr>\n<td width=\"199\">Bioeconom\u00eda y Econom\u00eda Circular *<\/td>\n<\/tr>\n<\/tbody>\n<\/table>\n<h2>Tercer a\u00f1o:<\/h2>\n<table width=\"822\">\n<tbody>\n<tr>\n<td width=\"199\">\n<p>Matriz energ\u00e9tica nacional (estructura y consumo)*<\/p>\n<p><strong>\u00a0<\/strong><\/td>\n<\/tr>\n<tr>\n<td width=\"199\">\n<p>Proyectos Bioenerg\u00e9ticos I (Dise\u00f1o)*<\/p>\n<p><strong>\u00a0<\/strong><\/td>\n<\/tr>\n<tr>\n<td width=\"199\">\n<p>Ingles (Matricial)<\/p>\n<p><strong>\u00a0<\/strong><\/td>\n<\/tr>\n<tr>\n<td width=\"199\">\n<p>Legislaci\u00f3n\u00a0 y Normativa Reguladora de Energ\u00eda *<\/p>\n<p><strong>\u00a0<\/strong><\/td>\n<\/tr>\n<tr>\n<td width=\"199\">\n<p>Eficiencia Energ\u00e9tica*<\/p>\n<p><strong>\u00a0<\/strong><\/td>\n<\/tr>\n<tr>\n<td width=\"199\">\n<p>Costos agr\u00edcolas de producci\u00f3n de biomasa<\/p>\n<p><strong>\u00a0<\/strong><\/td>\n<\/tr>\n<tr>\n<td width=\"199\">\n<p>Paquetes Tecnol\u00f3gicos de Energ\u00edas Renovables*<\/p>\n<p><strong>\u00a0<\/strong><\/td>\n<\/tr>\n<tr>\n<td width=\"199\">\n<p>Gesti\u00f3n de Empresas Energ\u00e9ticas II*<\/p>\n<p><strong>\u00a0<\/strong><\/td>\n<\/tr>\n<tr>\n<td width=\"199\">\n<p>Historia de los sistemas Energ\u00e9ticos Nacionales*<\/p>\n<p><strong>\u00a0<\/strong><\/td>\n<\/tr>\n<tr>\n<td width=\"199\">\n<p>Sistemas de Energ\u00eda E\u00f3lica*<\/p>\n<p><strong>\u00a0<\/strong><\/td>\n<\/tr>\n<\/tbody>\n<\/table>\n<h2>Cuarto a\u00f1o:<\/h2>\n<table width=\"822\">\n<tbody>\n<tr>\n<td width=\"199\">\n<p>Proyectos Bioenerg\u00e9ticos II (Evaluaci\u00f3n)*<\/p>\n<p><strong>\u00a0<\/strong><\/td>\n<\/tr>\n<tr>\n<td width=\"199\">\n<p>Sistemas de Energ\u00eda Solar*<\/p>\n<p><strong>\u00a0<\/strong><\/td>\n<\/tr>\n<tr>\n<td width=\"199\">\n<p>Gesti\u00f3n de Empresas Energ\u00e9ticas III*<\/p>\n<p><strong>\u00a0<\/strong><\/td>\n<\/tr>\n<tr>\n<td width=\"199\">\n<p>Ingles (Matricial)<\/p>\n<p><strong>\u00a0<\/strong><\/td>\n<\/tr>\n<tr>\n<td width=\"199\">\n<p>Producci\u00f3n de Energ\u00edas alternativas *<\/p>\n<p><strong>\u00a0<\/strong><\/td>\n<\/tr>\n<tr>\n<td width=\"199\">\n<p>Protocolo (Matricial)<\/p>\n<p><strong>\u00a0<\/strong><\/td>\n<\/tr>\n<tr>\n<td width=\"199\">\n<p>Pr\u00e1ctica Profesional Supervisada<\/p>\n<p><strong>\u00a0<\/strong><\/td>\n<\/tr>\n<\/tbody>\n<\/table>\n<p>[\/vc_column_text][\/vc_column][\/vc_row][vc_row][vc_column][vc_btn title=\u00bbPre-Inscripci\u00f3n 2021&#8243; style=\u00bbcustom\u00bb custom_background=\u00bb#3f306a\u00bb custom_text=\u00bb#ffffff\u00bb shape=\u00bbsquare\u00bb size=\u00bblg\u00bb link=\u00bburl:https%3A%2F%2Fuspt.edu.ar%2F2021%2Fcourse-single.php%3Fcarrera%3DLER||target:%20_blank|\u00bb css=\u00bb.vc_custom_1606936575493{background-position: center !important;background-repeat: no-repeat !important;background-size: contain !important;}\u00bb][\/vc_column][\/vc_row]<\/p>\n","protected":false},"excerpt":{"rendered":"<p>[vc_row full_width=\u00bbstretch_row_content_no_spaces\u00bb equal_height=\u00bbyes\u00bb css=\u00bb.vc_custom_1593100977859{margin-top: 0px !important;margin-bottom: 0px !important;padding-top: 0px !important;padding-bottom: 0px !important;}\u00bb][vc_column css=\u00bb.vc_custom_1593100628944{padding: 0px !important;background-position: center !important;background-repeat: no-repeat !important;background-size: cover !important;}\u00bb][vc_single_image image=\u00bb3291&#8243; img_size=\u00bbfull\u00bb css=\u00bb.vc_custom_1605795798190{margin-top: 0px !important;margin-bottom: 0px !important;padding-top: 0px !important;padding-bottom: 0px !important;}\u00bb][\/vc_column][\/vc_row][vc_row][vc_column][vc_column_text]Denominaci\u00f3n: Licenciatura en Energ\u00edas Renovables Instituci\u00f3n:\u00a0Universidad de San Pablo -Tucum\u00e1n Ubicaci\u00f3n en la estructura: Instituto de Desarrollo e Innovaci\u00f3n Tecnol\u00f3gica para la Competitividad Territorial. &hellip; <\/p>\n<p class=\"link-more\"><a href=\"https:\/\/uspt.edu.ar\/web\/institucional\/institutos\/instituto-de-desarrollo-e-innovacion-tecnologica-para-la-competitividad-territorial\/licenciatura-en-energias-renovables\/\" class=\"more-link\">Continuar leyendo<span class=\"screen-reader-text\"> \u00abLicenciatura en Energ\u00edas Renovables\u00bb<\/span><\/a><\/p>\n","protected":false},"author":2,"featured_media":0,"parent":477,"menu_order":0,"comment_status":"closed","ping_status":"closed","template":"","meta":{"_acf_changed":false,"footnotes":""},"class_list":["post-3289","page","type-page","status-publish","hentry"],"acf":[],"jetpack_sharing_enabled":true,"jetpack_shortlink":"https:\/\/wp.me\/P9JBoE-R3","jetpack-related-posts":[],"_links":{"self":[{"href":"https:\/\/uspt.edu.ar\/web\/wp-json\/wp\/v2\/pages\/3289","targetHints":{"allow":["GET"]}}],"collection":[{"href":"https:\/\/uspt.edu.ar\/web\/wp-json\/wp\/v2\/pages"}],"about":[{"href":"https:\/\/uspt.edu.ar\/web\/wp-json\/wp\/v2\/types\/page"}],"author":[{"embeddable":true,"href":"https:\/\/uspt.edu.ar\/web\/wp-json\/wp\/v2\/users\/2"}],"replies":[{"embeddable":true,"href":"https:\/\/uspt.edu.ar\/web\/wp-json\/wp\/v2\/comments?post=3289"}],"version-history":[{"count":4,"href":"https:\/\/uspt.edu.ar\/web\/wp-json\/wp\/v2\/pages\/3289\/revisions"}],"predecessor-version":[{"id":3311,"href":"https:\/\/uspt.edu.ar\/web\/wp-json\/wp\/v2\/pages\/3289\/revisions\/3311"}],"up":[{"embeddable":true,"href":"https:\/\/uspt.edu.ar\/web\/wp-json\/wp\/v2\/pages\/477"}],"wp:attachment":[{"href":"https:\/\/uspt.edu.ar\/web\/wp-json\/wp\/v2\/media?parent=3289"}],"curies":[{"name":"wp","href":"https:\/\/api.w.org\/{rel}","templated":true}]}}